et v(l) = l**3 - 29*l**2 - 28*l - 95. Calculate v(30).
-35
Let a(c) = -41*c + 478. What is a(0)?
478
Let z(u) = 2*u**3 + 22*u**2 + 9*u - 9. What is z(-9)?
234
Let w(m) = -108*m - 129. Determine w(-5).
411
Let v(t) = -9*t**2 + 215*t - 89. Determine v(23).
95
Let v(g) = 51*g**2 - 1933*g - 189. Calculate v(38).
1
Let d(o) = -18*o + 564. Determine d(30).
24
Let x(y) = y**3 + 10*y**2 + 12*y + 62. Determine x(-9).
35
Let p(s) = -769*s - 243777. Calculate p(-317).
-4
Let o(z) = 5*z**3 + 6*z**2 - 12*z + 17. Calculate o(4).
385
Let k(b) = -3*b**2 - 7098*b + 35568. Determine k(5).
3
Let x(a) = 404*a**3 + a**2 - 3*a + 1. Calculate x(1).
403
Let x(a) = -2*a**3 - 32*a**2 - 36*a - 79. What is x(-15)?
11
Let l(y) = -3*y**2 - 24*y + 35. Determine l(-11).
-64
Let t(a) = -6*a**3 + 2*a + 23. Calculate t(-3).
179
Let i(r) = r**3 + 4*r**2 + 21*r + 39. Determine i(-4).
-45
Let a(o) = o**3 + 13*o**2 + 36*o + 3. Calculate a(-4).
3
Let d(f) = -f**2 + 7*f - 31. Calculate d(4).
-19
Let p(o) = o**3 - 12*o**2 - 35*o - 118. Calculate p(15).
32
Let c(f) = -9*f - 291. What is c(-39)?
60
Let d(p) = -15*p + 122. Give d(9).
-13
Let b(i) = -i**3 + 24*i**2 - 183*i + 439. Determine b(10).
9
Let s(x) = 22*x**2 + 5*x + 9. What is s(-3)?
192
Let d(v) = -2*v**2 - 28*v + 82. Give d(3).
-20
Let l(f) = f**2 + 26*f - 664. Give l(17).
67
Let m(b) = 56*b - 162. Calculate m(2).
-50
Let i(z) = z**3 + 33*z**2 + z + 42. Give i(-33).
9
Let d(o) = 916*o + 6415. Give d(-7).
3
Let n(f) = -2*f**2 + 39*f - 165. Give n(5).
-20
Let l(o) = -3*o**2 - 77*o - 31. Determine l(-25).
19
Let c(v) = 4*v + 44. What is c(-13)?
-8
Let v(w) = w**2 - 38*w + 112. Determine v(47).
535
Let x(y) = -21*y + 851. What is x(31)?
200
Let r(l) = 2*l**2 + 64*l - 71. Give r(-34).
65
Let y(w) = 34*w**2 - 251*w + 126. Calculate y(7).
35
Let i(g) = -g**3 - 19*g**2 - 18*g - 69. Determine i(-18).
-69
Let x(p) = 14*p + 207. Give x(-24).
-129
Let j(n) = -3*n**3 - 45*n**2 - n + 45. Give j(-14).
-529
Let x(n) = -32*n + 3028. Give x(95).
-12
Let x(t) = 2*t**3 - 4*t**2 - 19*t - 41. Calculate x(5).
14
Let c(q) = -2*q**2 + 89*q - 434. Give c(5).
-39
Let w(v) = -229*v**2 - 1144*v + 9. Calculate w(-5).
4
Let z(t) = -t**3 - 10*t**2 + 83*t + 718. What is z(-12)?
10
Let y(s) = -3*s**2 + 97*s + 160. Give y(31).
284
Let a(i) = 131*i + 175. Determine a(0).
175
Let t(m) = -m**3 - 29*m**2 + 42*m - 60. Give t(-31).
560
Let q(t) = -634*t + 4439. Give q(7).
1
Let y(o) = 5*o**3 - 85*o**2 + 8*o - 127. What is y(17)?
9
Let b(m) = 3*m**2 - 1544*m + 19564. What is b(13)?
-1
Let y(u) = u**3 + 49*u**2 - 3*u - 4. Determine y(-49).
143
Let d(w) = -w**2 - 338*w + 3063. What is d(9)?
-60
Let f(h) = -147*h + 4724. Calculate f(32).
20
Let t(a) = a**3 + 30*a**2 - 6*a - 130. Determine t(-30).
50
Let n(x) = -69*x + 4067. Calculate n(59).
-4
Let y(l) = -91*l - 3942. Calculate y(-43).
-29
Let n(v) = 454*v - 1360. Determine n(3).
2
Let d(u) = -5*u**2 + 88*u - 468. Calculate d(19).
-601
Let k(j) = 42*j + 1244. Determine k(-30).
-16
Let s(p) = -p**2 + 96*p - 656. Calculate s(8).
48
Let r(d) = 5*d**3 + 281*d**2 - 199*d + 1645. What is r(-57)?
-8
Let y(g) = 2*g**2 - 407*g + 2366. Determine y(6).
-4
Let n(y) = 2*y**2 - 24*y + 8. What is n(-7)?
274
Let s(k) = -136*k + 1471. Calculate s(11).
-25
Let q(o) = -3*o**3 - 16*o**2 + 5*o + 28. Give q(-6).
70
Let r(n) = -3*n**2 + 367*n - 1185. Determine r(119).
5
Let g(r) = 3*r**3 - 20*r**2 - 31*r + 172. Give g(7).
4
Let c(p) = -577*p**2 + 42*p - 42. Determine c(1).
-577
Let b(p) = 13157*p - 144727. Determine b(11).
0
Let f(w) = 8*w - 174. Determine f(26).
34
Let u(r) = 6*r**2 - 108*r + 84. Calculate u(17).
-18
Let c(l) = l**3 + 10*l**2 - 59*l - 577. Calculate c(-10).
13
Let g(u) = -32*u - 744. Determine g(-24).
24
Let s(c) = -c**3 - 103*c**2 - 2343*c + 200. Give s(-69).
-7
Let h(u) = -u**2 + 59*u - 390. Calculate h(52).
-26
Let u(x) = 9*x**2 + 349*x - 75. What is u(-39)?
3
Let l(v) = -2*v**3 - 37*v**2 + 9*v - 5. Give l(-19).
185
Let x(f) = -193*f + 4052. What is x(21)?
-1
Let r(d) = 3*d**3 - 76*d**2 + 30*d + 22. Calculate r(25).
147
Let u(v) = 3*v - 68. Determine u(22).
-2
Let s(l) = -l**3 - l**2 + 4*l - 9. Determine s(-5).
71
Let q(a) = 44*a**3 + 3*a**2 + 31*a + 29. Determine q(-1).
-43
Let b(y) = 150*y + 561. Determine b(-3).
111
Let w(l) = 2*l + 138. Give w(-31).
76
Let x(i) = 39*i - 37. Calculate x(-5).
-232
Let l(g) = -2*g**2 - 8*g + 42. Calculate l(0).
42
Let t(m) = m**3 + 5*m**2 + 46*m + 695. Calculate t(-9).
-43
Let g(i) = i**2 - 52*i + 251. Give g(7).
-64
Let w(g) = 2*g**3 + 24*g**2 - 147*g - 361. Determine w(-16).
-57
Let j(s) = s**3 - 3*s**2 + 2*s + 25. Calculate j(4).
49
Let a(b) = b**3 - 30*b**2 + 23*b + 117. Determine a(29).
-57
Let m(l) = 2*l**3 - 62*l**2 + 36*l - 1103. Determine m(31).
13
Let j(m) = 13*m + 651. Give j(-52).
-25
Let k(p) = -p**3 + 7*p**2 - 18*p + 177. Give k(11).
-505
Let c(b) = -b**3 + 145*b**2 + 149*b - 404. Calculate c(146).
34
Let o(r) = r**2 - 35*r + 151. What is o(28)?
-45
Let s(b) = b**3 - 6*b**2 - 1154*b + 258. Determine s(37).
-1
Let n(v) = -12*v**2 - 62*v - 4. Give n(-5).
6
Let o(p) = -4*p + 36. Determine o(25).
-64
Let n(l) = l**3 - 15*l**2 + 18*l. Give n(7).
-266
Let v(t) = -t**2 + 79*t + 9153. Determine v(143).
1
Let p(k) = 99*k + 1387. Give p(-14).
1
Let c(y) = -y**2 - 2*y + 39. What is c(10)?
-81
Let i(m) = -54*m**2 + 72*m + 77. Calculate i(-1).
-49
Let x(g) = 142*g + 11369. What is x(-80)?
9
Let u(h) = h**3 + 1189*h**2 + 7096*h - 14. Calculate u(-6).
-2
Let u(c) = c**3 - 10*c**2 - 7*c - 51. Determine u(0).
-51
Let l(w) = -5*w**2 - 179*w + 178. Determine l(1).
-6
Let z(m) = -3304*m - 118940. Give z(-36).
4
Let x(m) = 166*m - 1011. Give x(8).
317
Let g(p) = 6*p**2 - 6935. Determine g(-34).
1
Let x(r) = 2788*r - 142185. Calculate x(51).
3
Let w(m) = -249*m + 520. Give w(2).
22
Let n(l) = 2*l**2 + 62*l - 813. Calculate n(9).
-93
Let r(j) = j**2 + 37*j + 2. Calculate r(0).
2
Let y(p) = p**3 + 163*p**2 - 2*p - 256. Calculate y(-163).
70
Let j(r) = 8*r**2 + 89*r - 796. Give j(-17).
3
Let w(f) = -244*f + 737. What is w(3)?
5
Let y(o) = 3*o**2 + 116*o - 280. Calculate y(3).
95
Let p(q) = -4*q**2 - 217*q - 28. Determine p(-54).
26
Let b(v) = 16*v + 559. Give b(-26).
143
Let j(f) = -959*f + 6718. Calculate j(7).
5
Let b(k) = -30*k**2 + 1886*k + 258. What is b(63)?
6
Let t(i) = -26*i - 440. Calculate t(-22).
132
Let a(q) = q**3 - 6*q**2 - 13*q + 102. Give a(5).
12
Let x(c) = 23*c + 507. What is x(-19)?
70
Let p(q) = 8*q**2 + 21*q - 3. Determine p(-3).
6
Let r(u) = 6*u - 45. Calculate r(6).
-9
Let z(l) = 106*l - 1001. What is z(10)?
59
Let t(w) = 369*w - 105164. Determine t(285).
1
Let z(w) = -9*w - 87. Give z(-2).
-69
Let p(o) = -o**3 - 46*o**2 + 58*o + 63. Give p(-47).
-454
Let q(y) = -y**2 + 133*y - 632. Calculate q(5).
8
Let r(q) = -q**3 + 39*q**2 - 249*q - 2. What is r(8)?
-10
Let z(u) = -185*u - 1306. Give z(-6).
-196
Let a(w) = -153*w - 9118. Calculate a(-61).
215
Let x(d) = 83*d + 1328. Give x(-10).
498
Let a(w) = 12*w**2 + 9*w + 37. What is a(0)?
37
Let p(o) = -19*o - 912. Give p(-19).
-551
Let d(z) = 18*z**2 - 1262*z + 129. Calculate d(70).
-11
Let j(b) = -1163*b - 89560. Determine j(-77).
-9
Let a(i) = -i**3 - 24*i**2 + 105*i - 36. Determine a(-28).
160
Let l(t) = t**2 + 47*t + 143. Determine l(-3).
11
Let j(t) = -136*t - 41073. Give j(-302).
-1
Let y(t) = -120*t - 3383. Give y(-28).
-23
Let t(n) = 18*n**2 - 5*n + 13. Determine t(4).
281
Let g(u) = -3*u + 102. Calculate g(14).
60
Let a(p) = p**3 - 14*p**2 - 290*p + 3281. Determine a(10).
-19
Let g(z) = -3*z - 66. Calculate g(-6).
-48
Let y(h) = -2*h**3 - 158*h**2 + 4*h + 278. Determine y(-79).
-38
Let l(a) = -11*a + 23. What is l(2)?
1
Let v(c) = 5*c**2 + 11*c + 17. Calculate v(6).
263
Let z(o) = 107*o + 2264. Calculate z(-21).
17
Let f(n) = -n**2 + 320*n - 12143. What is f(44)?
1
Let o(r) = 5*r + 141. Give o(-28).
1
Let k(p) = 634*p**2 - 6*p - 5. Give k(-1).
635
Let z(l) = 34*l**2 - 442*l - 25. What is z(13)?
-25
Let z(h) = 8*h**2 + 7*h + 87. What is z(-7)?
430
Let w(n) = -820*n - 3321. Determine w(-4).
-41
Let b(n) = 31*n + 866. Give b(-28).
-2
Let a(s) = 241*s + 3395. Determine a(-14).
21
Let g(w) = -10*w - 115. Calculate g(0).
-115
Let t(i) = -601*i - 6006. What is t(-10)?
4
Let h(b) = -120*b - 4607. Calculate h(-38).
-47
Let f(c) =